{"id":38,"date":"2026-01-20T14:53:42","date_gmt":"2026-01-20T14:53:42","guid":{"rendered":"http:\/\/www.regenlabprp.com\/index.php\/iletisim\/"},"modified":"2026-01-23T16:51:02","modified_gmt":"2026-01-23T16:51:02","slug":"iletisim","status":"publish","type":"page","link":"https:\/\/www.regenlabprp.com\/index.php\/iletisim\/","title":{"rendered":"\u0130leti\u015fim"},"content":{"rendered":"\n<p>Soru ve \u00f6nerileriniz i\u00e7in bizi arayabilir veya mesaj yollayabilirsiniz:<\/p>\n\n\n\n<p><strong>Telefonlar\u0131m\u0131z:<\/strong><\/p>\n\n\n\n<p><strong>Ofis: <\/strong>0216 306 07 39<\/p>\n\n\n\n<p><strong>Mobil: <\/strong>0533 386 17 44 veya 0541 940 02 06<\/p>\n\n\n\n<p><strong>e-posta: <\/strong>turkiye@regenlab.com<\/p>\n\n\n\n<p><\/p>\n","protected":false},"excerpt":{"rendered":"<p>Soru ve \u00f6nerileriniz i\u00e7in bizi arayabilir veya mesaj yollayabilirsiniz: Telefonlar\u0131m\u0131z: Ofis: 0216 306 07 39 Mobil: 0533 386 17 44 veya 0541 940 02 06 e-posta: turkiye@regenlab.com<\/p>\n","protected":false},"author":1,"featured_media":0,"parent":0,"menu_order":0,"comment_status":"closed","ping_status":"closed","template":"","meta":{"footnotes":""},"class_list":["post-38","page","type-page","status-publish","hentry"],"blocksy_meta":[],"_links":{"self":[{"href":"https:\/\/www.regenlabprp.com\/index.php\/wp-json\/wp\/v2\/pages\/38","targetHints":{"allow":["GET"]}}],"collection":[{"href":"https:\/\/www.regenlabprp.com\/index.php\/wp-json\/wp\/v2\/pages"}],"about":[{"href":"https:\/\/www.regenlabprp.com\/index.php\/wp-json\/wp\/v2\/types\/page"}],"author":[{"embeddable":true,"href":"https:\/\/www.regenlabprp.com\/index.php\/wp-json\/wp\/v2\/users\/1"}],"replies":[{"embeddable":true,"href":"https:\/\/www.regenlabprp.com\/index.php\/wp-json\/wp\/v2\/comments?post=38"}],"version-history":[{"count":1,"href":"https:\/\/www.regenlabprp.com\/index.php\/wp-json\/wp\/v2\/pages\/38\/revisions"}],"predecessor-version":[{"id":300,"href":"https:\/\/www.regenlabprp.com\/index.php\/wp-json\/wp\/v2\/pages\/38\/revisions\/300"}],"wp:attachment":[{"href":"https:\/\/www.regenlabprp.com\/index.php\/wp-json\/wp\/v2\/media?parent=38"}],"curies":[{"name":"wp","href":"https:\/\/api.w.org\/{rel}","templated":true}]}}