{"id":116,"date":"2026-01-20T16:55:19","date_gmt":"2026-01-20T16:55:19","guid":{"rendered":"http:\/\/www.regenlabprp.com\/index.php\/hakkimizda-2\/"},"modified":"2026-02-26T20:33:18","modified_gmt":"2026-02-26T20:33:18","slug":"hakkimizda-2","status":"publish","type":"page","link":"https:\/\/www.regenlabprp.com\/index.php\/hakkimizda-2\/","title":{"rendered":"Hakk\u0131m\u0131zda"},"content":{"rendered":"<div class=\"n2_clear\"><ss3-force-full-width data-overflow-x=\"body\" data-horizontal-selector=\"body\"><div class=\"n2-section-smartslider fitvidsignore  n2_clear\" data-ssid=\"3\"><div id=\"n2-ss-3-align\" class=\"n2-ss-align\"><div class=\"n2-padding\"><div id=\"n2-ss-3\" data-creator=\"Smart Slider 3\" data-responsive=\"fullwidth\" class=\"n2-ss-slider n2-ow n2-has-hover n2notransition  \"><div class=\"n2-ss-slider-wrapper-inside\">\n        <div class=\"n2-ss-slider-1 n2_ss__touch_element n2-ow\">\n            <div class=\"n2-ss-slider-2 n2-ow\">\n                                                <div class=\"n2-ss-slider-3 n2-ow\">\n\n                    <div class=\"n2-ss-slide-backgrounds n2-ow-all\"><div class=\"n2-ss-slide-background\" data-public-id=\"1\" data-mode=\"fill\"><div class=\"n2-ss-slide-background-image\" data-blur=\"0\" data-opacity=\"100\" data-x=\"50\" data-y=\"50\" data-alt=\"\" data-title=\"\"><picture class=\"skip-lazy\" data-skip-lazy=\"1\"><img decoding=\"async\" src=\"\/\/www.regenlabprp.com\/wp-content\/uploads\/2026\/01\/slider-2-6.png\" alt=\"\" title=\"\" loading=\"lazy\" class=\"skip-lazy\" data-skip-lazy=\"1\"><\/picture><\/div><div data-color=\"RGBA(255,255,255,0)\" style=\"background-color: RGBA(255,255,255,0);\" class=\"n2-ss-slide-background-color\"><\/div><\/div><div class=\"n2-ss-slide-background\" data-public-id=\"2\" data-mode=\"fill\" aria-hidden=\"true\"><div class=\"n2-ss-slide-background-image\" data-blur=\"0\" data-opacity=\"100\" data-x=\"50\" data-y=\"50\" data-alt=\"\" data-title=\"\"><picture class=\"skip-lazy\" data-skip-lazy=\"1\"><img decoding=\"async\" src=\"\/\/www.regenlabprp.com\/wp-content\/uploads\/2026\/01\/slider-2-1.png\" alt=\"\" title=\"\" loading=\"lazy\" class=\"skip-lazy\" data-skip-lazy=\"1\"><\/picture><\/div><div data-color=\"RGBA(255,255,255,0)\" style=\"background-color: RGBA(255,255,255,0);\" class=\"n2-ss-slide-background-color\"><\/div><\/div><div class=\"n2-ss-slide-background\" data-public-id=\"3\" data-mode=\"fill\" aria-hidden=\"true\"><div class=\"n2-ss-slide-background-image\" data-blur=\"0\" data-opacity=\"100\" data-x=\"50\" data-y=\"50\" data-alt=\"\" data-title=\"\"><picture class=\"skip-lazy\" data-skip-lazy=\"1\"><img decoding=\"async\" src=\"\/\/www.regenlabprp.com\/wp-content\/uploads\/2026\/01\/slider-2-2.png\" alt=\"\" title=\"\" loading=\"lazy\" class=\"skip-lazy\" data-skip-lazy=\"1\"><\/picture><\/div><div data-color=\"RGBA(255,255,255,0)\" style=\"background-color: RGBA(255,255,255,0);\" class=\"n2-ss-slide-background-color\"><\/div><\/div><div class=\"n2-ss-slide-background\" data-public-id=\"4\" data-mode=\"fill\" aria-hidden=\"true\"><div class=\"n2-ss-slide-background-image\" data-blur=\"0\" data-opacity=\"100\" data-x=\"50\" data-y=\"50\" data-alt=\"\" data-title=\"\"><picture class=\"skip-lazy\" data-skip-lazy=\"1\"><img decoding=\"async\" src=\"\/\/www.regenlabprp.com\/wp-content\/uploads\/2026\/01\/slider-2-3.png\" alt=\"\" title=\"\" loading=\"lazy\" class=\"skip-lazy\" data-skip-lazy=\"1\"><\/picture><\/div><div data-color=\"RGBA(255,255,255,0)\" style=\"background-color: RGBA(255,255,255,0);\" class=\"n2-ss-slide-background-color\"><\/div><\/div><div class=\"n2-ss-slide-background\" data-public-id=\"5\" data-mode=\"fill\" aria-hidden=\"true\"><div class=\"n2-ss-slide-background-image\" data-blur=\"0\" data-opacity=\"100\" data-x=\"50\" data-y=\"50\" data-alt=\"\" data-title=\"\"><picture class=\"skip-lazy\" data-skip-lazy=\"1\"><img decoding=\"async\" src=\"\/\/www.regenlabprp.com\/wp-content\/uploads\/2026\/01\/slider-2-4.png\" alt=\"\" title=\"\" loading=\"lazy\" class=\"skip-lazy\" data-skip-lazy=\"1\"><\/picture><\/div><div data-color=\"RGBA(255,255,255,0)\" style=\"background-color: RGBA(255,255,255,0);\" class=\"n2-ss-slide-background-color\"><\/div><\/div><div class=\"n2-ss-slide-background\" data-public-id=\"6\" data-mode=\"fill\" aria-hidden=\"true\"><div class=\"n2-ss-slide-background-image\" data-blur=\"0\" data-opacity=\"100\" data-x=\"50\" data-y=\"50\" data-alt=\"\" data-title=\"\"><picture class=\"skip-lazy\" data-skip-lazy=\"1\"><img decoding=\"async\" src=\"\/\/www.regenlabprp.com\/wp-content\/uploads\/2026\/01\/slider-2-5.png\" alt=\"\" title=\"\" loading=\"lazy\" class=\"skip-lazy\" data-skip-lazy=\"1\"><\/picture><\/div><div data-color=\"RGBA(255,255,255,0)\" style=\"background-color: RGBA(255,255,255,0);\" class=\"n2-ss-slide-background-color\"><\/div><\/div><div class=\"n2-ss-slide-background\" data-public-id=\"7\" data-mode=\"fill\" aria-hidden=\"true\"><div class=\"n2-ss-slide-background-image\" data-blur=\"0\" data-opacity=\"100\" data-x=\"50\" data-y=\"50\" data-alt=\"\" data-title=\"\"><picture class=\"skip-lazy\" data-skip-lazy=\"1\"><img decoding=\"async\" src=\"\/\/www.regenlabprp.com\/wp-content\/uploads\/2026\/01\/slider-2-7.png\" alt=\"\" title=\"\" loading=\"lazy\" class=\"skip-lazy\" data-skip-lazy=\"1\"><\/picture><\/div><div data-color=\"RGBA(255,255,255,0)\" style=\"background-color: RGBA(255,255,255,0);\" class=\"n2-ss-slide-background-color\"><\/div><\/div><\/div>                    <div class=\"n2-ss-slider-4 n2-ow\">\n                        <svg xmlns=\"http:\/\/www.w3.org\/2000\/svg\" viewBox=\"0 0 800 400\" data-related-device=\"desktopPortrait\" class=\"n2-ow n2-ss-preserve-size n2-ss-preserve-size--slider n2-ss-slide-limiter\"><\/svg><div data-first=\"1\" data-slide-duration=\"0\" data-id=\"12\" data-slide-public-id=\"1\" data-title=\"slider-2-6\" class=\"n2-ss-slide n2-ow  n2-ss-slide-12\"><div role=\"note\" class=\"n2-ss-slide--focus\" tabindex=\"-1\">slider-2-6<\/div><div class=\"n2-ss-layers-container n2-ss-slide-limiter n2-ow\"><div class=\"n2-ss-layer n2-ow n-uc-tEHWsePBnu3K\" data-sstype=\"slide\" data-pm=\"default\"><\/div><\/div><\/div><div data-slide-duration=\"0\" data-id=\"14\" data-slide-public-id=\"2\" aria-hidden=\"true\" data-title=\"slider-2-1\" class=\"n2-ss-slide n2-ow  n2-ss-slide-14\"><div role=\"note\" class=\"n2-ss-slide--focus\" tabindex=\"-1\">slider-2-1<\/div><div class=\"n2-ss-layers-container n2-ss-slide-limiter n2-ow\"><div class=\"n2-ss-layer n2-ow n-uc-UdrLntxIPqEu\" data-sstype=\"slide\" data-pm=\"default\"><\/div><\/div><\/div><div data-slide-duration=\"0\" data-id=\"9\" data-slide-public-id=\"3\" aria-hidden=\"true\" data-title=\"slider-2-2\" class=\"n2-ss-slide n2-ow  n2-ss-slide-9\"><div role=\"note\" class=\"n2-ss-slide--focus\" tabindex=\"-1\">slider-2-2<\/div><div class=\"n2-ss-layers-container n2-ss-slide-limiter n2-ow\"><div class=\"n2-ss-layer n2-ow n-uc-1O0htgZD0AHj\" data-sstype=\"slide\" data-pm=\"default\"><\/div><\/div><\/div><div data-slide-duration=\"0\" data-id=\"10\" data-slide-public-id=\"4\" aria-hidden=\"true\" data-title=\"slider-2-3\" class=\"n2-ss-slide n2-ow  n2-ss-slide-10\"><div role=\"note\" class=\"n2-ss-slide--focus\" tabindex=\"-1\">slider-2-3<\/div><div class=\"n2-ss-layers-container n2-ss-slide-limiter n2-ow\"><div class=\"n2-ss-layer n2-ow n-uc-JnrGBoz4cJxK\" data-sstype=\"slide\" data-pm=\"default\"><\/div><\/div><\/div><div data-slide-duration=\"0\" data-id=\"11\" data-slide-public-id=\"5\" aria-hidden=\"true\" data-title=\"slider-2-4\" class=\"n2-ss-slide n2-ow  n2-ss-slide-11\"><div role=\"note\" class=\"n2-ss-slide--focus\" tabindex=\"-1\">slider-2-4<\/div><div class=\"n2-ss-layers-container n2-ss-slide-limiter n2-ow\"><div class=\"n2-ss-layer n2-ow n-uc-vAWbqJfGGCGG\" data-sstype=\"slide\" data-pm=\"default\"><\/div><\/div><\/div><div data-slide-duration=\"0\" data-id=\"13\" data-slide-public-id=\"6\" aria-hidden=\"true\" data-title=\"slider-2-5\" class=\"n2-ss-slide n2-ow  n2-ss-slide-13\"><div role=\"note\" class=\"n2-ss-slide--focus\" tabindex=\"-1\">slider-2-5<\/div><div class=\"n2-ss-layers-container n2-ss-slide-limiter n2-ow\"><div class=\"n2-ss-layer n2-ow n-uc-cQpeKdXqwX4C\" data-sstype=\"slide\" data-pm=\"default\"><\/div><\/div><\/div><div data-slide-duration=\"0\" data-id=\"8\" data-slide-public-id=\"7\" aria-hidden=\"true\" data-title=\"slider-2-7\" class=\"n2-ss-slide n2-ow  n2-ss-slide-8\"><div role=\"note\" class=\"n2-ss-slide--focus\" tabindex=\"-1\">slider-2-7<\/div><div class=\"n2-ss-layers-container n2-ss-slide-limiter n2-ow\"><div class=\"n2-ss-layer n2-ow n-uc-FRDiT36qAptc\" data-sstype=\"slide\" data-pm=\"default\"><\/div><\/div><\/div>                    <\/div>\n\n                                    <\/div>\n            <\/div>\n        <\/div>\n        <div class=\"n2-ss-slider-controls n2-ss-slider-controls-absolute-left-center\"><div style=\"--widget-offset:15px;\" class=\"n2-ss-widget n2-ss-widget-display-hover nextend-arrow n2-ow-all nextend-arrow-previous  nextend-arrow-animated-fade\" data-hide-mobileportrait=\"1\" id=\"n2-ss-3-arrow-previous\" role=\"button\" aria-label=\"previous arrow\" tabindex=\"0\"><img loading=\"lazy\" decoding=\"async\" width=\"32\" height=\"32\" class=\"skip-lazy\" data-skip-lazy=\"1\" src=\"data:image\/svg+xml;base64,PHN2ZyB3aWR0aD0iMzIiIGhlaWdodD0iMzIiIHZpZXdCb3g9IjAgMCAzMiAzMiIgeG1sbnM9Imh0dHA6Ly93d3cudzMub3JnLzIwMDAvc3ZnIj4KICAgIDxwYXRoIGQ9Ik0xMS40MzMgMTUuOTkyTDIyLjY5IDUuNzEyYy4zOTMtLjM5LjM5My0xLjAzIDAtMS40Mi0uMzkzLS4zOS0xLjAzLS4zOS0xLjQyMyAwbC0xMS45OCAxMC45NGMtLjIxLjIxLS4zLjQ5LS4yODUuNzYtLjAxNS4yOC4wNzUuNTYuMjg0Ljc3bDExLjk4IDEwLjk0Yy4zOTMuMzkgMS4wMy4zOSAxLjQyNCAwIC4zOTMtLjQuMzkzLTEuMDMgMC0xLjQybC0xMS4yNTctMTAuMjkiCiAgICAgICAgICBmaWxsPSIjZmZmZmZmIiBvcGFjaXR5PSIwLjgiIGZpbGwtcnVsZT0iZXZlbm9kZCIvPgo8L3N2Zz4=\" alt=\"previous arrow\"><\/div><\/div><div class=\"n2-ss-slider-controls n2-ss-slider-controls-absolute-right-center\"><div style=\"--widget-offset:15px;\" class=\"n2-ss-widget n2-ss-widget-display-hover nextend-arrow n2-ow-all nextend-arrow-next  nextend-arrow-animated-fade\" data-hide-mobileportrait=\"1\" id=\"n2-ss-3-arrow-next\" role=\"button\" aria-label=\"next arrow\" tabindex=\"0\"><img loading=\"lazy\" decoding=\"async\" width=\"32\" height=\"32\" class=\"skip-lazy\" data-skip-lazy=\"1\" src=\"data:image\/svg+xml;base64,PHN2ZyB3aWR0aD0iMzIiIGhlaWdodD0iMzIiIHZpZXdCb3g9IjAgMCAzMiAzMiIgeG1sbnM9Imh0dHA6Ly93d3cudzMub3JnLzIwMDAvc3ZnIj4KICAgIDxwYXRoIGQ9Ik0xMC43MjIgNC4yOTNjLS4zOTQtLjM5LTEuMDMyLS4zOS0xLjQyNyAwLS4zOTMuMzktLjM5MyAxLjAzIDAgMS40MmwxMS4yODMgMTAuMjgtMTEuMjgzIDEwLjI5Yy0uMzkzLjM5LS4zOTMgMS4wMiAwIDEuNDIuMzk1LjM5IDEuMDMzLjM5IDEuNDI3IDBsMTIuMDA3LTEwLjk0Yy4yMS0uMjEuMy0uNDkuMjg0LS43Ny4wMTQtLjI3LS4wNzYtLjU1LS4yODYtLjc2TDEwLjcyIDQuMjkzeiIKICAgICAgICAgIGZpbGw9IiNmZmZmZmYiIG9wYWNpdHk9IjAuOCIgZmlsbC1ydWxlPSJldmVub2RkIi8+Cjwvc3ZnPg==\" alt=\"next arrow\"><\/div><\/div><\/div><\/div><ss3-loader><\/ss3-loader><\/div><\/div><div class=\"n2_clear\"><\/div><\/div><\/ss3-force-full-width><\/div>\n\n\n<p><strong>RegenLab SA<\/strong>, 2003 y\u0131l\u0131nda \u0130svi\u00e7re\u2019de kurulmu\u015f ve PRP (Platelet-Rich Plasma) teknolojileri ile otolog rejeneratif t\u0131p alan\u0131nda k\u00fcresel \u00f6l\u00e7ekte referans haline gelmi\u015f bir kurulu\u015ftur.<\/p>\n\n\n\n<p>RegenLab SA; CE belgeli sistemleri ve ISO 13485 standartlar\u0131yla uyumlu \u00fcretim altyap\u0131s\u0131 ile, etkinli\u011fi ve g\u00fcvenilirli\u011fi klinik \u00e7al\u0131\u015fmalarla desteklenen t\u0131bbi cihaz \u00e7\u00f6z\u00fcmleri geli\u015ftirmektedir.<\/p>\n\n\n\n<hr class=\"wp-block-separator has-alpha-channel-opacity\"\/>\n\n\n\n<p><strong>RegenLab T\u00fcrkiye<\/strong>, RegenLab SA\u2019n\u0131n T\u00fcrkiye\u2019deki <strong>resmi \u015fube yap\u0131lanmas\u0131d\u0131r<\/strong>. T\u00fcrkiye\u2019de \u00fcr\u00fcn sistemlerimizin klinik kullan\u0131m\u0131 i\u00e7in bilimsel tan\u0131t\u0131m, uygulamal\u0131 e\u011fitim, ruhsatlama ve klinik \u00e7al\u0131\u015fma s\u00fcre\u00e7lerini y\u00fcr\u00fctmeektedir.<\/p>\n\n\n\n<hr class=\"wp-block-separator has-alpha-channel-opacity\"\/>\n\n\n\n<h2 class=\"wp-block-heading has-text-color has-link-color has-medium-font-size wp-elements-22425533da8f6ee9729f0b710244be0c\" style=\"color:#193676\">Ne yap\u0131yoruz?<\/h2>\n\n\n\n<ul class=\"wp-block-list\">\n<li>Kliniklere y\u00f6nelik \u00fcr\u00fcn sunumlar\u0131 ve bilgilendirmeler,<\/li>\n\n\n\n<li>Uygulamal\u0131 e\u011fitim programlar\u0131 ve klinik destekler,<\/li>\n\n\n\n<li>Merkez ofisin gereklilikleri do\u011frultusunda belgelendirme s\u00fcre\u00e7lerinin takibi<\/li>\n\n\n\n<li>RegenLab SA \u00fcr\u00fcnlerinin T\u00fcrkiye\u2019de kurumsal temsil ve koordinasyonu.<\/li>\n<\/ul>\n\n\n\n<hr class=\"wp-block-separator has-alpha-channel-opacity\"\/>\n\n\n\n<p class=\"has-medium-font-size\"><strong>Reg\u00fclasyon ve Kalite Yakla\u015f\u0131m\u0131<\/strong><\/p>\n\n\n\n<p>RegenLab T\u00fcrkiye; RegenLab SA\u2019n\u0131n regulasyon otoritelerince  kabul g\u00f6ren yakla\u015f\u0131m\u0131n\u0131 ve \u00fcr\u00fcn standard\u0131n\u0131 T\u00fcrkiye\u2019de do\u011fru \u015fekilde temsil etmeyi hedefler. \u00dcr\u00fcn portf\u00f6y\u00fcm\u00fcz, g\u00fcncel Avrupa reg\u00fclasyonlar\u0131na ge\u00e7i\u015f s\u00fcre\u00e7leri tamamlanm\u0131\u015f \u00fcretim anlay\u0131\u015f\u0131 ve klinik kan\u0131t yakla\u015f\u0131m\u0131yla \u015fekillenmektedir.<\/p>\n\n\n\n<hr class=\"wp-block-separator has-alpha-channel-opacity\"\/>\n\n\n\n<p class=\"has-medium-font-size\"><strong>Bu sitenin amac\u0131 nedir?<\/strong><\/p>\n\n\n\n<p>Otolog biyolojik tedaviler etkinlikleri, yararlar\u0131, sonu\u00e7lar\u0131 ve istenmeyen etkileri hakk\u0131nda bilimsel \u00e7al\u0131\u015fmalar yapman\u0131n ve \u00f6l\u00e7\u00fclebilen, bilimsel kan\u0131tlar \u00fcretmenin zor oldu\u011fu bir aland\u0131r. \u00c7\u00fcnk\u00fc;<\/p>\n\n\n\n<ul class=\"wp-block-list\">\n<li>Otolog materyali alma ve i\u015fleme y\u00f6ntemleri bir\u00e7ok medikal cihazda <strong>standardize edilememektedir<\/strong>, yap\u0131lan uygulamalar\u0131n sonu\u00e7lar\u0131n\u0131n ki\u015fiden ki\u015fiye farkl\u0131l\u0131k g\u00f6stermesi kabul edilse bile <strong>farkl\u0131 uygulay\u0131c\u0131lar\u0131n ayn\u0131 ki\u015fide farkl\u0131 sonu\u00e7lar elde etmesi bilimsel kan\u0131t \u00fcretimine engeldir.<\/strong><\/li>\n\n\n\n<li>Standardize edilemeyen uygulamalar gerekli izin ve ruhsatlar\u0131 alamad\u0131\u011f\u0131, alsa dahi bilimsel onay mekanizmalar\u0131ndan ge\u00e7emedi\u011fi i\u00e7in sonu\u00e7lar\u0131 da bilimsel kan\u0131t niteli\u011finde olamamaktad\u0131r.<\/li>\n\n\n\n<li>Standardize olmayan uygulamalar\u0131n protokolleri de olu\u015fturulamamakta, k\u00fc\u00e7\u00fck hasta serilerinde al\u0131nan sonu\u00e7lar \u00f6l\u00e7\u00fclebilir bi\u00e7imde de\u011ferlendirilmesi sa\u011flanamamaktad\u0131r.<\/li>\n<\/ul>\n\n\n\n<p><strong>Sitemiz bu engelleri a\u015fan, amaca y\u00f6nelik olarak tasarlan\u0131p \u00fcretilmi\u015f, standardize otolog biyolojik tedavi se\u00e7enekleri hakk\u0131nda \u00fcretilmi\u015f bilginin derlenerek <u>sadece<\/u> sa\u011fl\u0131k profesyonellerine sunulmas\u0131 amac\u0131yla olu\u015fturulmu\u015ftur.<\/strong><\/p>\n\n\n\n<p>Sitemizde biyolojik tedavi se\u00e7eneklerinin farkl\u0131 endikasyon alanlar\u0131nda kullan\u0131m\u0131na dair bilgilere ula\u015fabilirsiniz. Sitenin yer vermedi\u011fi detayl\u0131 bilgi i\u00e7in Haber \/Duyuru \/ Bilgi sayfam\u0131zdaki i\u00e7eriklere g\u00f6z atabilir ve t\u00fcm d\u00fcnyada biyolojik tedavi uygulayan uzman hekimlerin tarafs\u0131z bilgi ve g\u00f6r\u00fc\u015flerine yer veren kaynaklara ula\u015fabilirsiniz. <\/p>\n\n\n\n<p class=\"has-vivid-red-color has-text-color has-link-color has-medium-font-size wp-elements-51ca3e6c8b43c27b1786563e38459bca\"><strong>Tekrar hat\u0131rlatmak gerekirse, bu sitede payla\u015f\u0131lan i\u00e7eri\u011fin sa\u011fl\u0131k profesyoneli olmayan ki\u015filerin biyolojik tedavilere y\u00f6nelik kararlar\u0131n\u0131 etkileme amac\u0131 ta\u015f\u0131mamaktad\u0131r. Medikal cihazlarla yap\u0131lan bu t\u00fcr tedavilerde \u00fcr\u00fcn se\u00e7imi yaln\u0131zca sa\u011fl\u0131k profesyonellerinin, yani hekimlerin inisiyatifindedir.<\/strong><\/p>\n\n\n\n<p><\/p>\n","protected":false},"excerpt":{"rendered":"<p>RegenLab SA, 2003 y\u0131l\u0131nda \u0130svi\u00e7re\u2019de kurulmu\u015f ve PRP (Platelet-Rich Plasma) teknolojileri ile otolog rejeneratif t\u0131p alan\u0131nda k\u00fcresel \u00f6l\u00e7ekte referans haline gelmi\u015f bir kurulu\u015ftur. RegenLab SA; CE belgeli sistemleri ve ISO 13485 standartlar\u0131yla uyumlu \u00fcretim altyap\u0131s\u0131 ile, etkinli\u011fi ve g\u00fcvenilirli\u011fi klinik \u00e7al\u0131\u015fmalarla desteklenen t\u0131bbi cihaz \u00e7\u00f6z\u00fcmleri geli\u015ftirmektedir. RegenLab T\u00fcrkiye, RegenLab SA\u2019n\u0131n T\u00fcrkiye\u2019deki resmi \u015fube yap\u0131lanmas\u0131d\u0131r. T\u00fcrkiye\u2019de [&hellip;]<\/p>\n","protected":false},"author":1,"featured_media":256,"parent":0,"menu_order":0,"comment_status":"closed","ping_status":"closed","template":"","meta":{"footnotes":""},"class_list":["post-116","page","type-page","status-publish","has-post-thumbnail","hentry"],"blocksy_meta":[],"_links":{"self":[{"href":"https:\/\/www.regenlabprp.com\/index.php\/wp-json\/wp\/v2\/pages\/116","targetHints":{"allow":["GET"]}}],"collection":[{"href":"https:\/\/www.regenlabprp.com\/index.php\/wp-json\/wp\/v2\/pages"}],"about":[{"href":"https:\/\/www.regenlabprp.com\/index.php\/wp-json\/wp\/v2\/types\/page"}],"author":[{"embeddable":true,"href":"https:\/\/www.regenlabprp.com\/index.php\/wp-json\/wp\/v2\/users\/1"}],"replies":[{"embeddable":true,"href":"https:\/\/www.regenlabprp.com\/index.php\/wp-json\/wp\/v2\/comments?post=116"}],"version-history":[{"count":12,"href":"https:\/\/www.regenlabprp.com\/index.php\/wp-json\/wp\/v2\/pages\/116\/revisions"}],"predecessor-version":[{"id":764,"href":"https:\/\/www.regenlabprp.com\/index.php\/wp-json\/wp\/v2\/pages\/116\/revisions\/764"}],"wp:featuredmedia":[{"embeddable":true,"href":"https:\/\/www.regenlabprp.com\/index.php\/wp-json\/wp\/v2\/media\/256"}],"wp:attachment":[{"href":"https:\/\/www.regenlabprp.com\/index.php\/wp-json\/wp\/v2\/media?parent=116"}],"curies":[{"name":"wp","href":"https:\/\/api.w.org\/{rel}","templated":true}]}}